et n be y(-7). Suppose 0 = 5*s - 43 - n. List the prime factors of s.
13
Suppose -3*p = m - 22, 2*p + 8 = -2*p. List the prime factors of m.
2, 7
Let a = 1 - 8. Let b = a - -4. List the prime factors of 4/(-6) - 35/b.
11
Suppose 0 = -3*v - 3*z + 30, z - 1 + 6 = 0. Let b = v - 8. What are the prime factors of b?
7
Let s be (-4)/22 - 4/(-22). Suppose s*w + 12 = 4*w. List the prime factors of w.
3
Suppose 4*y - 7 - 29 = 0. What are the prime factors of y?
3
Let t(v) = 10*v - 1. Let n = -16 + 20. List the prime factors of t(n).
3, 13
Let r = 41 - 0. List the prime factors of r.
41
Suppose 6*o = 5*o + 61. What are the prime factors of o?
61
Suppose g + 5 = 2. Let t = g - -6. Suppose -36 + 3 = -t*o. What are the prime factors of o?
11
Let a = 4 + -2. Suppose -17 = -0*t + a*t + 3*n, 0 = 5*t + n + 36. Let y(g) = g + 17. List the prime factors of y(t).
2, 5
What are the prime factors of (5 - 11)*(-2)/4?
3
Suppose 254 = 2*o - 4*i, 2*i - 528 = -4*o + 6*i. List the prime factors of o.
137
Suppose -592 = -2*o + 3*c, -o - 3*o + 4*c + 1192 = 0. List the prime factors of o.
2, 151
Let j(g) = 4 - g + 2*g - 6*g. Let w(x) = 9*x - 8. Let o(k) = -11*j(k) - 6*w(k). What are the prime factors of o(4)?
2
What are the prime factors of ((-12)/10)/(-3) - 387/(-45)?
3
Suppose 6 + 14 = -4*p + 5*w, -20 = 4*p + w. Let c = p + 10. What are the prime factors of c?
5
Let y(g) = -g**2 - 8*g - 2. Let b be y(-4). Let t(x) = x**3 - 14*x**2 + 9. What are the prime factors of t(b)?
3
Suppose -15 = -5*p + 5*i, -4*p = 5*i - 5 + 20. Suppose h - 3*l - 13 = p, -3*h + 4*h + 3 = -l. Let s = 10 - h. What are the prime factors of s?
3
Suppose -16 = 3*b + 3*k + 8, 0 = -5*b + k - 10. Let l(g) = g**2 + 3. List the prime factors of l(b).
2, 3
Suppose -3*q - 2*q + 35 = 0. Let l = q - 3. Suppose l*u + 20 = 6*u. What are the prime factors of u?
2, 5
Let j(w) = -w**3 + 6*w**2 + 3*w + 6. What are the prime factors of j(5)?
2, 23
Let v(b) = b**3 + 2*b**2 - 3*b. Let h be v(-3). Suppose 7*o - 9*o + 18 = h. Suppose -4*j + 4 = 5*c - 44, 3*j + o = 0. What are the prime factors of c?
2, 3
Suppose 0 = -3*i + 6*i. Suppose n + 19 = -w + 6*w, 3*w - n - 13 = i. Suppose -4*b = w*m - 14, 4*b + 34 = 3*m + 3*b. List the prime factors of m.
2, 5
Suppose -4*l - 11 + 47 = 0. Suppose 4*v - l = 27. List the prime factors of v.
3
Suppose -5*u = i - 160, i + 124 = 3*u - 4*i. List the prime factors of u.
3, 11
Let v = -53 - -86. Suppose -3*q + 25 = -5*n - v, -4*n = 5*q - 146. Suppose -2*h + 5*t + q = 0, 3*t = 2*h + 4*t - 14. What are the prime factors of h?
2
Let k = 90 - 12. What are the prime factors of k?
2, 3, 13
Let t be -6 - -4 - (0 + -6). List the prime factors of (-2 - -10)*t + 2.
2, 17
Let t = -74 - -132. List the prime factors of t.
2, 29
Let q(v) = -19*v + 1. Let u be q(1). List the prime factors of ((-8)/(-6))/((-3)/u).
2
Let i = -36 - -72. List the prime factors of i.
2, 3
Let m = -27 + 38. What are the prime factors of m?
11
Let d(w) = -w**2 - 16*w + 5. Let x be d(-16). Suppose -7 - 128 = -x*s. What are the prime factors of s?
3
Suppose -1436 - 694 = -10*b. List the prime factors of b.
3, 71
Suppose 0 = -5*j + 55 + 30. Let x = 26 - j. Suppose 3*k = -0*k + 5*w - x, k + 5*w - 17 = 0. List the prime factors of k.
2
Let x(j) = 27*j**2 + 1. Let b be x(1). Suppose -3*a + b = -2. List the prime factors of a.
2, 5
Suppose 5*t = 25, z = -t - 3*t + 24. Suppose -z*s + 9 + 71 = 0. What are the prime factors of s?
2, 5
Let g be -3 - 16/(-2)*1. Suppose -g*k + k + 8 = 0. Suppose 0 = -3*r - 5*u - 2 + 15, -5*r - k*u = -47. What are the prime factors of r?
11
Suppose 2*q = -q + 111. What are the prime factors of q?
37
Let p be 4/(-2) + 8 + -7. List the prime factors of -2 - -3 - p*1.
2
Suppose -l - 3*d + 2 = l, 0 = 3*l - d - 14. Suppose 21 = 3*y + 4*q + 1, -l*y + 36 = -4*q. Suppose 3*w + 4*t = 13, -y = t - 3. What are the prime factors of w?
11
List the prime factors of 22 + (-7)/9 + (-26)/117.
3, 7
Let m = 213 - 10. What are the prime factors of m?
7, 29
Let p(b) = -12*b + 11. Let v(o) = 4*o - 4. Let i(x) = 2*p(x) + 7*v(x). Let l be i(-9). What are the prime factors of 2/(-7) + (-390)/l?
3
Suppose -27 = -5*t + 83. What are the prime factors of (11/(t/(-36)))/(-1)?
2, 3
What are the prime factors of ((-1)/(-2))/(556/184 - 3)?
23
Suppose 3*g = 2*z, 2 = -2*z - 0*z + 4*g. List the prime factors of 9/(-6)*-2 + z.
2, 3
Let v be ((-2)/(-6))/((-4)/(-60)). Suppose 22 = v*o - 68. List the prime factors of o.
2, 3
What are the prime factors of (0 - -170) + 0 + -4 + 1?
167
List the prime factors of -5 + 74*(-5)/(-10).
2
Let l(j) = j**3 + j**2 - j + 3. Let n be l(0). List the prime factors of n/(-1) + (-77)/(-7).
2
Let y(j) = 14*j**2 + 5*j**2 + j**3 + 16 - 4*j**2 + 14*j. What are the prime factors of y(-14)?
2
Suppose -m + q = 2 + 1, -3*q = -15. Let t(i) = 5*i**3 - 3*i**2 + 4*i - 3. Let x be t(m). What are the prime factors of x/(-9)*3*-1?
11
Let y(f) = 3*f + 2. Let n be y(6). Let i = n - 13. List the prime factors of i.
7
Let z(i) = -i**3 + 6*i**2 + 7. Let k = -5 + 11. List the prime factors of z(k).
7
Let k(j) = 5*j**3 - 2*j**3 - 2*j**3 + j. Let v be k(1). Suppose -u + v = -8. What are the prime factors of u?
2, 5
Suppose -53 = -f - 4. What are the prime factors of f?
7
Suppose 3*k - 15 = 4*l + 13, 3*l = -3*k. Suppose 4*u - 180 = -5*d, -k*d - 4*u = -d - 116. What are the prime factors of d?
2
Suppose k + 6*o - o - 16 = 0, -2*o = 4*k - 10. Suppose k = -0*v - v. Let f = v + 8. What are the prime factors of f?
7
Let s(u) = 134*u - 16. What are the prime factors of s(3)?
2, 193
Let r(b) = -3*b**2 - b**2 - 5*b - 3 + 2*b**2 - b**3. List the prime factors of r(-3).
3, 7
Suppose 21*n - 1021 - 218 = 0. List the prime factors of n.
59
Let r(b) = 14*b - 3. What are the prime factors of r(9)?
3, 41
Let o(k) = -k**2 - 27*k - 23. List the prime factors of o(-12).
157
Let o(d) be the second derivative of d**4/6 + 2*d**3/3 - d**2/2 - 4*d. What are the prime factors of o(-4)?
3, 5
Suppose 0 = 2*m - 52. List the prime factors of m.
2, 13
Suppose 4*q + h - 9 = 0, 4*q = 3*h + h + 4. Let y(z) = z + 1. Let p be y(q). Suppose 5*k - 25 = -7*f + 2*f, p*f = 0. What are the prime factors of k?
5
Let z be (-9)/(-1 - (-3)/(-6)). Let t be (-3)/(-9) - (-10)/z. Suppose 4*k - 17 = 3*q, -t*k - 2 = -5*q - 7. What are the prime factors of k?
5
Suppose 5*a - 86 = -4*y, 58 = 5*a - 0*y - 3*y. What are the prime factors of (-1)/((-1)/(a/2))?
7
Suppose -4*f - 2*x + 6 = -120, -4*f + 2*x + 106 = 0. Let n = f + 21. Suppose -n = -7*c + 2*c. List the prime factors of c.
2, 5
Suppose -3*z = 5*f - 292, -3*z - 30 = -f + 32. What are the prime factors of f?
59
Let n(d) = -d**2 + 14*d + 5. What are the prime factors of n(13)?
2, 3
Suppose 2*c - 24 = -4*c. Suppose 5*z = 2*j - 32, j + 2*j + 4*z = 2. Suppose -18 = -c*i + j. What are the prime factors of i?
2, 3
Suppose -10 = -6*y + 4*y. List the prime factors of y.
5
Let b(o) = 8*o - 30. List the prime factors of b(25).
2, 5, 17
Let u = -156 - -440. What are the prime factors of u?
2, 71
Suppose -2*f + 53 = j, 2*f + j - 27 = f. What are the prime factors of f?
2, 13
Let j(v) be the first derivative of 3*v**2/2 - 4*v - 1. Let y be j(6). Let x = y + -8. What are the prime factors of x?
2, 3
Let p = 47 + 6. What are the prime factors of p?
53
Let o(g) = g + 7. Suppose -5*v + 44 = -m + 14, 4*v - 5*m - 45 = 0. List the prime factors of o(v).
2, 3
Suppose -35 = -5*i + 100. What are the prime factors of i?
3
Suppose -4*i + 32 = -2*i. What are the prime factors of i?
2
Let q = 316 + -179. List the prime factors of q.
137
Let t be 16/(-20) + 2/(-10). Let a(u) = -27*u**3 - u. What are the prime factors of a(t)?
2, 7
Let g(s) = 3*s. List the prime factors of g(4).
2, 3
Let z(l) be the third derivative of l**6/120 - l**5/20 - l**4/6 - 2*l**3/3 + l**2. Let w be z(4). What are the prime factors of 162/21 + w/(-14)?
2
Let l(n) = n**3 - n**2 - 13*n + 6. Suppose -b - 1 = -6. What are the prime factors of l(b)?
41
Let q = 3 + -5. Let f(h) = -4*h - 3. Let m be f(q). Suppose -s - s = w + 2, 32 = m*w - 4*s. What are the prime factors of w?
2
Let j(w) = w**3 + 11*w**2 - 5*w + 9. List the prime factors of j(-11).
2
Let n = -1 + 2. Let w = -2 + n. Let s = w - -5. What are the prime factors of s?
2
Let a = -1 + 5. Suppose 11 = -a*y + 3*z + 50, -16 = -2*y - 2*z